 when 2011797 is divided by 280?
277
What is the remainder when 1224517 is divided by 39500?
17
Calculate the remainder when 205658 is divided by 68420.
398
Calculate the remainder when 4647 is divided by 931.
923
Calculate the remainder when 1316788 is divided by 2838.
2794
What is the remainder when 1485039 is divided by 742517?
5
What is the remainder when 95152328 is divided by 720?
8
What is the remainder when 19194 is divided by 1290?
1134
What is the remainder when 16939453 is divided by 846?
841
Calculate the remainder when 83721221 is divided by 4557.
17
What is the remainder when 167752738 is divided by 15?
13
What is the remainder when 6654078 is divided by 6997?
6928
Calculate the remainder when 284085717 is divided by 461.
460
What is the remainder when 2674980 is divided by 25?
5
What is the remainder when 6261984 is divided by 6733?
294
Calculate the remainder when 128291 is divided by 4787.
3829
Calculate the remainder when 749631 is divided by 2015.
51
What is the remainder when 69762522 is divided by 3075?
3072
Calculate the remainder when 194821 is divided by 32200.
1621
What is the remainder when 54890 is divided by 7328?
3594
What is the remainder when 2384967 is divided by 2?
1
Calculate the remainder when 46738 is divided by 658.
20
What is the remainder when 4118088 is divided by 36?
12
Calculate the remainder when 66015 is divided by 2192.
255
What is the remainder when 17744 is divided by 17455?
289
Calculate the remainder when 9993 is divided by 2019.
1917
Calculate the remainder when 92105 is divided by 4845.
50
What is the remainder when 29828 is divided by 9779?
491
Calculate the remainder when 1573052 is divided by 427.
411
What is the remainder when 74033925 is divided by 596?
593
Calculate the remainder when 35654 is divided by 2216.
198
Calculate the remainder when 9288586 is divided by 134615.
151
Calculate the remainder when 12526915 is divided by 1046.
19
Calculate the remainder when 230548 is divided by 1762.
1488
Calculate the remainder when 16346776 is divided by 1718.
6
Calculate the remainder when 231328245 is divided by 4079.
4076
What is the remainder when 137824 is divided by 653?
41
Calculate the remainder when 10792 is divided by 204.
184
Calculate the remainder when 122755729 is divided by 24.
1
Calculate the remainder when 2694677 is divided by 4575.
2
Calculate the remainder when 7747386 is divided by 205.
26
Calculate the remainder when 9800694 is divided by 52410.
24
What is the remainder when 82949 is divided by 912?
869
What is the remainder when 246669747 is divided by 4625?
4622
Calculate the remainder when 30990166 is divided by 198.
196
Calculate the remainder when 2051886 is divided by 795.
786
What is the remainder when 74824 is divided by 1266?
130
What is the remainder when 30696921 is divided by 10232303?
12
Calculate the remainder when 15125839 is divided by 5041940.
19
What is the remainder when 6994 is divided by 312?
130
Calculate the remainder when 51217 is divided by 10080.
817
What is the remainder when 38265 is divided by 1319?
14
Calculate the remainder when 210080 is divided by 452.
352
Calculate the remainder when 91473686 is divided by 72.
62
Calculate the remainder when 1097961 is divided by 21114.
33
What is the remainder when 140556 is divided by 23426?
0
Calculate the remainder when 3044933 is divided by 590.
533
Calculate the remainder when 621991 is divided by 25.
16
What is the remainder when 34800791 is divided by 4971538?
25
What is the remainder when 182173 is divided by 6069?
103
What is the remainder when 12888713 is divided by 6318?
6311
What is the remainder when 1047957 is divided by 45?
42
Calculate the remainder when 101979737 is divided by 2896.
2889
Calculate the remainder when 17121 is divided by 2479.
2247
What is the remainder when 2056608 is divided by 14268?
2016
What is the remainder when 2365473 is divided by 49?
47
Calculate the remainder when 150153 is divided by 16563.
1086
What is the remainder when 1263165 is divided by 1828?
17
What is the remainder when 308524 is divided by 2594?
2432
Calculate the remainder when 30034695 is divided by 99783.
12
Calculate the remainder when 102930655 is divided by 9738.
9733
Calculate the remainder when 290795 is divided by 13211.
153
What is the remainder when 25417604 is divided by 1281?
2
Calculate the remainder when 8841988 is divided by 9078.
16
What is the remainder when 30279254 is divided by 95?
94
What is the remainder when 23820923 is divided by 52?
35
Calculate the remainder when 1860240 is divided by 10956.
8676
Calculate the remainder when 497693 is divided by 18.
11
Calculate the remainder when 6245733 is divided by 2081909.
6
Calculate the remainder when 91280 is divided by 21858.
3848
Calculate the remainder when 384824 is divided by 42713.
407
What is the remainder when 641114 is divided by 320551?
12
Calculate the remainder when 62099585 is divided by 1149992.
17
What is the remainder when 16641307 is divided by 8320641?
25
What is the remainder when 2895974 is divided by 5580?
5534
Calculate the remainder when 55598 is divided by 406.
382
Calculate the remainder when 756220 is divided by 151241.
15
Calculate the remainder when 192800 is divided by 77.
69
Calculate the remainder when 669696 is divided by 668311.
1385
Calculate the remainder when 338467673 is divided by 5493.
5492
What is the remainder when 11121711 is divided by 14?
13
Calculate the remainder when 7770 is divided by 1948.
1926
What is the remainder when 1710460 is divided by 119?
73
Calculate the remainder when 5725097 is divided by 6491.
35
What is the remainder when 1206068 is divided by 827?
302
What is the remainder when 12261611 is divided by 6130741?
129
Calculate the remainder when 5069906 is divided by 94.
16
What is the remainder when 1204391 is divided by 44607?
2
What is the remainder when 42204 is divided by 1473?
960
Calculate the remainder when 16235 is divided by 2976.
1355
What is the remainder when 17371763 is divided by 846?
845
Calculate the remainder when 1067009 is divided by 1440.
1409
Calculate the remainder when 13862589 is divided by 930.
9
What is the remainder when 211560 is divided by 2771?
964
Calculate the remainder when 314347 is divided by 314310.
37
What is the remainder when 2390380 is divided by 2562?
34
What is the remainder when 5326533 is divided by 49?
37
Calculate the remainder when 914418 is divided by 70318.
284
What is the remainder when 75375878 is divided by 1240?
1238
Calculate the remainder when 13775855 is divided by 436.
435
Calculate the remainder when 172925 is divided by 260.
25
What is the remainder when 2743451 is divided by 945?
116
What is the remainder when 90432 is divided by 3635?
3192
What is the remainder when 487664 is divided by 1262?
532
What is the remainder when 80151777 is divided by 60?
57
Calculate the remainder when 451295 is divided by 112284.
2159
What is the remainder when 729676 is divided by 9600?
76
What is the remainder when 1298284 is divided by 1047?
4
Calculate the remainder when 2789172 is divided by 153.
135
What is the remainder when 366015 is divided by 13547?
246
What is the remainder when 32935469 is divided by 848?
845
Calculate the remainder when 25203877 is divided by 3474.
7
What is the remainder when 492309997 is divided by 7864?
5
Calculate the remainder when 19918734 is divided by 758.
10
Calculate the remainder when 140203 is divided by 491.
268
What is the remainder when 2107107 is divided by 94?
3
Calculate the remainder when 1267197 is divided by 1427.
21
What is the remainder when 37468780 is divided by 7383?
55
Calculate the remainder when 1112031 is divided by 1112010.
21
Calculate the remainder when 48530950 is divided by 16176977.
19
What is the remainder when 26569891 is divided by 13284922?
47
Calculate the remainder when 1803369 is divided by 360667.
34
Calculate the remainder when 11684316 is divided by 789.
15
Calculate the remainder when 730439 is divided by 2029.
2028
What is the remainder when 14680951 is divided by 19?
12
Calculate the remainder when 21728226 is divided by 1190.
16
Calculate the remainder when 2969921 is divided by 17891.
15
Calculate the remainder when 308764 is divided by 13423.
35
Calcu